{"id":11,"date":"2019-07-26T14:05:30","date_gmt":"2019-07-26T12:05:30","guid":{"rendered":"https:\/\/jihatrade.cz\/?page_id=11"},"modified":"2022-07-29T08:19:53","modified_gmt":"2022-07-29T06:19:53","slug":"sluzby","status":"publish","type":"page","link":"https:\/\/jihatrade.cz\/?page_id=11","title":{"rendered":"Slu\u017eby"},"content":{"rendered":"<p><span style=\"color: #000000;\"><\/span><\/p>\r\n<ul>\r\n<li style=\"text-align: left;\">\r\n<h6><span style=\"color: #000000;\">odkup<strong> autobus\u016f<\/strong>\r\n\r\n<\/span><\/h6>\r\n<\/li>\r\n<li style=\"text-align: left;\">\r\n<h6><span style=\"color: #000000;\"><strong>dovoz a prodej autobus\u016f<\/strong>\r\n\r\n<\/span><\/h6>\r\n<\/li>\r\n<li style=\"text-align: left;\">\r\n<h6><span style=\"color: #000000;\"><strong>pron\u00e1jem autobus\u016f<\/strong>\r\n\r\n<\/span><\/h6>\r\n<\/li>\r\n<\/ul>\r\n<p><span style=\"color: #000000;\"><\/span><\/p>","protected":false},"excerpt":{"rendered":"<p>odkup autobus\u016f dovoz a prodej autobus\u016f pron\u00e1jem autobus\u016f<\/p>\n","protected":false},"author":2,"featured_media":0,"parent":0,"menu_order":5,"comment_status":"closed","ping_status":"closed","template":"","meta":{"_monsterinsights_skip_tracking":false,"_monsterinsights_sitenote_active":false,"_monsterinsights_sitenote_note":"","_monsterinsights_sitenote_category":0,"footnotes":""},"_links":{"self":[{"href":"https:\/\/jihatrade.cz\/index.php?rest_route=\/wp\/v2\/pages\/11"}],"collection":[{"href":"https:\/\/jihatrade.cz\/index.php?rest_route=\/wp\/v2\/pages"}],"about":[{"href":"https:\/\/jihatrade.cz\/index.php?rest_route=\/wp\/v2\/types\/page"}],"author":[{"embeddable":true,"href":"https:\/\/jihatrade.cz\/index.php?rest_route=\/wp\/v2\/users\/2"}],"replies":[{"embeddable":true,"href":"https:\/\/jihatrade.cz\/index.php?rest_route=%2Fwp%2Fv2%2Fcomments&post=11"}],"version-history":[{"count":13,"href":"https:\/\/jihatrade.cz\/index.php?rest_route=\/wp\/v2\/pages\/11\/revisions"}],"predecessor-version":[{"id":428,"href":"https:\/\/jihatrade.cz\/index.php?rest_route=\/wp\/v2\/pages\/11\/revisions\/428"}],"wp:attachment":[{"href":"https:\/\/jihatrade.cz\/index.php?rest_route=%2Fwp%2Fv2%2Fmedia&parent=11"}],"curies":[{"name":"wp","href":"https:\/\/api.w.org\/{rel}","templated":true}]}}