{"id":2,"date":"2019-07-22T11:09:46","date_gmt":"2019-07-22T09:09:46","guid":{"rendered":"https:\/\/jihatrade.cz\/?page_id=2"},"modified":"2024-01-10T12:48:50","modified_gmt":"2024-01-10T11:48:50","slug":"o-nas","status":"publish","type":"page","link":"https:\/\/jihatrade.cz\/?page_id=2","title":{"rendered":"O n\u00e1s"},"content":{"rendered":"<p><span style=\"color: #000000;\"><\/span><\/p>\r\n<p>Prodej, odkup a pron\u00e1jem autobus\u016f<\/p>\r\n<p style=\"text-align: left;\"><span style=\"color: #000000;\">\u00a0Spole\u010dnost <strong>JIHA TRADE s.r.o.<\/strong> byla zalo\u017eena v roce 2016. Od sv\u00e9ho vzniku se spole\u010dnost specializovala na odkup ojet\u00fdch autobus\u016f od tuzemsk\u00fdch dopravc\u016f a n\u00e1sledn\u00fdm exportem do zahrani\u010d\u00ed. Postupn\u011b jsme sv\u00e9 slu\u017eby roz\u0161\u00ed\u0159ili tak\u00e9 na import autobus\u016f do \u010cesk\u00e9 republiky. V sou\u010dasn\u00e9 dob\u011b nab\u00edz\u00edme z\u00e1kazn\u00edk\u016fm komplexn\u00ed slu\u017ebu spojenou s odkupem pou\u017eit\u00fdch autobus\u016f, dovoz ojet\u00e9ho autobusu ze zahrani\u010d\u00ed a nov\u011b tak\u00e9 pron\u00e1jem autobus\u016f.\u00a0<\/span><\/p>\r\n<p><img decoding=\"async\" loading=\"lazy\" class=\"size-medium wp-image-433\" src=\"https:\/\/jihatrade.cz\/wp-content\/uploads\/2024\/01\/Logo-velke-1-300x97.png\" alt=\"\" width=\"300\" height=\"97\" srcset=\"https:\/\/jihatrade.cz\/wp-content\/uploads\/2024\/01\/Logo-velke-1-300x97.png 300w, https:\/\/jihatrade.cz\/wp-content\/uploads\/2024\/01\/Logo-velke-1-1024x333.png 1024w, https:\/\/jihatrade.cz\/wp-content\/uploads\/2024\/01\/Logo-velke-1-768x249.png 768w, https:\/\/jihatrade.cz\/wp-content\/uploads\/2024\/01\/Logo-velke-1-1536x499.png 1536w, https:\/\/jihatrade.cz\/wp-content\/uploads\/2024\/01\/Logo-velke-1-2048x665.png 2048w\" sizes=\"(max-width: 300px) 100vw, 300px\" \/><\/p>\r\n<p><span style=\"color: #000000;\"><\/span><\/p>","protected":false},"excerpt":{"rendered":"<p>Prodej, odkup a pron\u00e1jem autobus\u016f \u00a0Spole\u010dnost JIHA TRADE s.r.o. byla zalo\u017eena v roce 2016. Od sv\u00e9ho vzniku se spole\u010dnost specializovala na odkup ojet\u00fdch autobus\u016f od tuzemsk\u00fdch dopravc\u016f a n\u00e1sledn\u00fdm exportem do zahrani\u010d\u00ed. Postupn\u011b jsme sv\u00e9 slu\u017eby roz\u0161\u00ed\u0159ili tak\u00e9 na import autobus\u016f do \u010cesk\u00e9 republiky. V sou\u010dasn\u00e9 dob\u011b nab\u00edz\u00edme z\u00e1kazn\u00edk\u016fm komplexn\u00ed slu\u017ebu spojenou s odkupem pou\u017eit\u00fdch [&hellip;]<\/p>\n","protected":false},"author":1,"featured_media":0,"parent":0,"menu_order":1,"comment_status":"closed","ping_status":"open","template":"","meta":{"_monsterinsights_skip_tracking":false,"_monsterinsights_sitenote_active":false,"_monsterinsights_sitenote_note":"","_monsterinsights_sitenote_category":0,"footnotes":""},"_links":{"self":[{"href":"https:\/\/jihatrade.cz\/index.php?rest_route=\/wp\/v2\/pages\/2"}],"collection":[{"href":"https:\/\/jihatrade.cz\/index.php?rest_route=\/wp\/v2\/pages"}],"about":[{"href":"https:\/\/jihatrade.cz\/index.php?rest_route=\/wp\/v2\/types\/page"}],"author":[{"embeddable":true,"href":"https:\/\/jihatrade.cz\/index.php?rest_route=\/wp\/v2\/users\/1"}],"replies":[{"embeddable":true,"href":"https:\/\/jihatrade.cz\/index.php?rest_route=%2Fwp%2Fv2%2Fcomments&post=2"}],"version-history":[{"count":18,"href":"https:\/\/jihatrade.cz\/index.php?rest_route=\/wp\/v2\/pages\/2\/revisions"}],"predecessor-version":[{"id":438,"href":"https:\/\/jihatrade.cz\/index.php?rest_route=\/wp\/v2\/pages\/2\/revisions\/438"}],"wp:attachment":[{"href":"https:\/\/jihatrade.cz\/index.php?rest_route=%2Fwp%2Fv2%2Fmedia&parent=2"}],"curies":[{"name":"wp","href":"https:\/\/api.w.org\/{rel}","templated":true}]}}